+ 149. Let w(t) = -6*o(t) - 17*u(t). What is the units digit of w(-5)?
1
Suppose 5*g = -5*m + 2070, -3*g - 341 = -2*m - 1563. What is the hundreds digit of g?
4
Suppose -3*g = -c - 10, 3*g + 2*c = 4*g - 10. Let w = g + 2. Suppose 0 = j - w*u - 16, 4*u + 5 = -2*j + 1. What is the units digit of j?
4
Let j be (-428)/(-14) - 2/(-28)*-8. What is the tens digit of 12/((16/j)/4)?
9
Suppose -5*s + 2*m - 437 = 481, -2*s - 366 = -2*m. What is the units digit of s/(-14) - (-16)/(-112)?
3
Let z(s) = 1151*s - 81. What is the tens digit of z(2)?
2
What is the units digit of 4/14 + (5650/35)/2?
1
What is the units digit of 133/2*(3/(-1) + 13)?
5
Suppose 4*j + 4*g - 18 - 22 = 0, 5*j - 5*g = 0. Suppose h - 112 = -3*t, 2*t + j*h - 35 = 31. Let m = -20 + t. What is the tens digit of m?
1
Suppose -4*m + u = -0*u - 21, 2*m - 2*u - 12 = 0. Suppose -15*z + 9*z + 3*z = 0. Suppose -2*h - 1 + m = z. What is the units digit of h?
2
What is the hundreds digit of 415 + 14/((-56)/8)?
4
Let y = -22 + 25. Suppose -4*h = -y*h - 70. What is the units digit of h?
0
Suppose -143*i + 168*i - 137000 = 0. What is the units digit of i?
0
Let a(j) = -j**3 + 2*j**2 - 3*j + 475. What is the units digit of a(0)?
5
Let q(f) = 11*f - 10. Let y be q(-6). Let j = y - -110. What is the units digit of j?
4
Suppose 4*m - 3090 = m - 5*v, -3*m - 2*v + 3099 = 0. What is the tens digit of m?
3
Let j = -265 - -500. What is the tens digit of ((-12)/(-2))/(j/(-60) + 4)?
7
Let b(o) = -3*o**3 + 2*o**2 - 2*o + 5. Let c(q) = -3*q**3 + 3*q**2 - 3*q + 6. Let w(f) = 3*b(f) - 2*c(f). What is the tens digit of w(-3)?
8
Suppose -l - 4*v = -2046, -5*l + 10616 - 478 = -3*v. What is the hundreds digit of l?
0
Let g(i) = 1 - 14*i + 2*i**3 + 0*i**2 + 4*i**2 - 7 + 8*i**2. What is the tens digit of g(-6)?
7
Suppose 24 = -4*f + 2*x, 4*f - x = 3*x - 24. What is the tens digit of (-14 - -3)*(f - -4)?
2
Let d(v) = 3*v**3 - 3*v**2 + 6*v. What is the tens digit of d(5)?
3
Let r(w) = -4*w - 11. Let d(q) = -12*q - 2. Let t be d(-3). Suppose -t = j + 5*f - 11, -4*f - 52 = 5*j. What is the tens digit of r(j)?
2
Let t = 899 + -431. What is the tens digit of t?
6
Let a be 6/((-70)/72 - 12/(-54)). Let n be (126/(-15))/((-1)/(-5)). Let r = a - n. What is the tens digit of r?
3
Let i = 3 - -7. Let m(h) = h + i*h**2 + h - 1 - 5*h + 0*h. What is the tens digit of m(-2)?
4
Let u(i) = i**3 - 7*i**2 + 7*i + 6. Let j(s) = -32*s**3 + s**2 + s - 2. Let v be j(1). Let r be 18/(-8)*v/12. What is the tens digit of u(r)?
1
What is the units digit of 4/(-6) - (-33990)/90?
7
Let o = -31 - -34. Let f(s) = -s + 7. Let u be f(o). What is the tens digit of (-16 + 4)/u + 59?
5
Suppose t - 20 = s, 31 + 9 = 4*t + 4*s. Let z be (-12)/t + (-402)/(-15). Suppose y - 18 = -4*v, -y - 2*y + z = -2*v. What is the tens digit of y?
1
Suppose -2*x = -s + 3221, 2*s + 5*x - 2662 = 3798. What is the thousands digit of s?
3
Suppose 5*q + 9 = 3*k - 20, 5*k - 27 = 3*q. What is the units digit of k?
3
Let a = -34 + 97. Suppose r - 11 = -8. Suppose -x - 5*y = -r*x + a, -5*x = -2*y - 210. What is the tens digit of x?
4
Suppose 0 = 12*f - 7*f + 100. What is the tens digit of (10/f)/((-1)/680*2)?
7
Let t = 57 + -34. Let o(m) = -m**2 + 27*m - 39. What is the units digit of o(t)?
3
Let c be -85*(4 + (-130)/25). Let a = c + -61. What is the tens digit of a?
4
Suppose 3*t - 8*t + 375 = 0. Suppose -3*q + t = -15. What is the units digit of q?
0
Let w(o) = -o - 1. Let z be w(-4). Suppose z*d - 5*b = 35, d + 4*b - 3*b = 1. Suppose 4*p = -a + 55, -a = 2*a + d*p - 151. What is the tens digit of a?
4
Suppose 0 = 48*h - 35*h - 11479. What is the units digit of h?
3
Let z(y) = y - 5. Suppose -k + 0*u - 6 = u, -5*u - 28 = 3*k. Let d be ((-4)/k)/((-1)/(-3)). What is the units digit of z(d)?
7
Let h(x) = 5*x**2 - 50*x - 16. What is the hundreds digit of h(13)?
1
Let s(q) = -8*q + 4. Let z be s(-4). Let m be (-82)/(-3)*z/24. Let i = m - 9. What is the tens digit of i?
3
Suppose -t = -5*g + 265, 4*g - 2*t + 0*t = 206. Let j = 1 + g. Let z = j - 21. What is the tens digit of z?
3
Let i(o) = -10*o + 202. Let s be i(20). Suppose 6*d - d - 310 = 0. Suppose 0 = s*v - 6*w + w - d, -3*w = 2*v - 78. What is the tens digit of v?
3
Let x = -1440 + 2384. What is the hundreds digit of x?
9
Suppose 2 = 2*j - 3*s, 3*j + s = 6*s + 2. Suppose -2*a - 30 = -8*a. Suppose a*z = j*z + 19. What is the tens digit of z?
1
Let z(h) be the third derivative of h**5/60 + 5*h**4/12 - 5*h**3/2 - 5*h**2. What is the tens digit of z(-15)?
6
Let g = 110 - 72. Suppose -g = -o + j + 4*j, j = 1. What is the tens digit of o?
4
Suppose -a + 1149 = -5*c, 2*c = 5*a + c - 5745. What is the hundreds digit of a?
1
Suppose 4*a + 137 = 9*a - y, -2*y - 78 = -3*a. What is the tens digit of a?
2
Let c be ((-1)/3)/((-1)/267). Suppose 3*y - 79 = -2*p + c, -3*p = -2*y + 112. What is the units digit of y?
6
Let l(p) = p**2 - 9*p + 17. Suppose 5*g - 2*c + 35 = -4*c, 4*g = 4*c. What is the tens digit of l(g)?
8
Suppose 0 = -17*r - 909 + 3646. What is the units digit of r?
1
Let f(c) = 119*c**2 - 2 + c**3 - 4*c + 14*c - 128*c**2. Suppose 0 = 3*w - 3*t - 9, 18 = 5*t - 7. What is the tens digit of f(w)?
1
Let p(s) = 383*s**2 + 4*s - 3. What is the tens digit of p(1)?
8
What is the tens digit of 3/(-54)*15 + 13695/18?
6
Let b(f) = 3*f + 31. Let l be b(-11). Let t be 1*153/(5 + l). Let j = t - 30. What is the tens digit of j?
2
Let n(k) = 6*k**2 - k + 13. Let z be n(-8). Let p = z + -259. What is the tens digit of p?
4
Let v(d) be the second derivative of 10*d + 0 - 1/3*d**3 + 1/12*d**4 - 9/2*d**2. What is the tens digit of v(-7)?
5
Let b = 12099 - 8633. What is the tens digit of b?
6
Suppose 0 = -314*w + 328*w - 18942. What is the thousands digit of w?
1
Let c be 1 + -2 + 18/18. Suppose d + k + 2*k - 14 = c, 0 = 3*d + k - 26. Suppose -2*r + 0 = d, 0 = -5*z + 5*r + 25. What is the units digit of z?
1
Suppose -12 = -w + 2*w. Let l be (w/(-15))/((-5)/25). Let n = 5 - l. What is the units digit of n?
9
Suppose -13*z + 6*z + 3395 = 0. Suppose -5*t + z = 3*c + 106, 2*t - c = 156. What is the tens digit of t?
7
Let a(j) = -j**3 + 7*j**2 + 2*j - 8. Let y = 54 - 33. Suppose -y = q - 4*q. What is the units digit of a(q)?
6
Suppose -12*k + 10*k = -54. Let v = 6 + k. What is the units digit of v?
3
Suppose 5*s + 338 = -172. Let l be 6/8 - s/24. Let a = l - -30. What is the units digit of a?
5
Let f be 40/12*9/6. Suppose -f*u = -2*c + 481, 3*u + 284 = 5*c + 3. Let b = -54 - u. What is the tens digit of b?
4
What is the hundreds digit of (4 - (-28020)/50) + 4/(-10)?
5
Let a(m) = -m**2 + 17*m - 3. Let r be a(16). Let j = r - 4. What is the units digit of j?
9
Let p be 23/7 - (-6)/(-21). Let i be (55/220)/((-2)/(-24)). Suppose i*t - 3 = 5*g + 134, -p*t + g + 145 = 0. What is the units digit of t?
9
Let y(l) = -73*l - 67. Let i be y(-13). Suppose -5*t = 4*t - i. What is the units digit of t?
8
Suppose l + 18 = -31. What is the tens digit of (-14)/l + (-306)/(-7)?
4
Let q = 565 + -294. Let f = -66 + q. What is the units digit of f?
5
Suppose 0 = -5*d + 423 + 3362. What is the hundreds digit of d?
7
Let n(j) be the third derivative of -9*j**2 + 1/24*j**4 + 0*j + 0 + 2*j**3. What is the units digit of n(0)?
2
Let c = 27 - 31. What is the tens digit of -1 - ((-3140)/35 + c/14)?
8
Let k be ((-27)/12)/((-3)/40). Let r = -5 - -10. Suppose k + 85 = r*t. What is the tens digit of t?
2
Let c(k) = k**2 + 25*k - 22. Let h be c(-22). Let g = h - -301. What is the units digit of g?
3
Let z = -1489 - -3160. What is the thousands digit of z?
1
Suppose 0 = -5*j + 5216 - 1846. What is the tens digit of j?
7
Let l(x) = x**2 - 9*x. Let g be l(9). Suppose -s + 5 = g, 4*c + 0*s - 246 = -2*s. What is the units digit of c?
9
Suppose r = -4*w + 10, 4*r - 2*r + 4*w = 0. Let i be r/(-3)*(-15)/(-10). What is the units digit of (-66)/(-5) - (-4)/i?
4
Let z(y) = 91*y**2 - 3*y - 1. Let k be z(-1). Suppose 0*p + 3*p + 2*h - k = 0, 0 = 4*h. What is the units digit of p?
1
Let p be (2 + 0)*1*2. Suppose 60 = 5*r + c - 101, -5*c = -6*r + 218. Suppose -5*g = -3*k - r - 52, p*g = -3*k + 95. What is the tens digit of g?
2
Suppose 3*g + 15 = -3*c - 0*c, c + 17 = -5*g. What is the hundreds digit of -3*5847/(-99) + c/11?
1
Let t(j) = -3*j + 6. Suppose v + 6 = 2. What is the units digit of t(v)?
8
Le